{"id":896,"date":"2015-07-16T09:12:44","date_gmt":"2015-07-16T07:12:44","guid":{"rendered":"http:\/\/test.kriesi.at\/minimal-portfolio\/?page_id=154"},"modified":"2021-07-13T07:27:36","modified_gmt":"2021-07-13T07:27:36","slug":"ueber-uns","status":"publish","type":"page","link":"https:\/\/www.fellinger-architects.net\/?page_id=896","title":{"rendered":"\u00dcber uns"},"content":{"rendered":"<div id='av-layout-grid-1'  class='av-layout-grid-container av-2sw85e-5b66907c244590b1574e4b37ba0c0578 entry-content-wrapper main_color av-flex-cells  avia-builder-el-0  el_before_av_one_full  avia-builder-el-first   container_wrap fullsize'  >\n\n<style type=\"text\/css\" data-created_by=\"avia_inline_auto\" id=\"style-css-av-2mlybe-8da1790b0dc9223bee4fcfe0bae05135\">\n.flex_cell.av-2mlybe-8da1790b0dc9223bee4fcfe0bae05135{\nvertical-align:top;\nheight:430px;\nmin-height:430px;\nbackground:url(https:\/\/www.fellinger-architects.net\/wp-content\/uploads\/2021\/07\/franz_fellinger_portrait_neu.png) 0% 50% no-repeat scroll ;\n}\n.responsive #top #wrap_all .flex_cell.av-2mlybe-8da1790b0dc9223bee4fcfe0bae05135{\npadding:30px 30px 30px 30px !important;\n}\n<\/style>\n<div class='flex_cell av-2mlybe-8da1790b0dc9223bee4fcfe0bae05135 av-gridrow-cell av_one_fifth no_margin  avia-builder-el-1  el_before_av_cell_four_fifth  avia-builder-el-first  avia-full-stretch' ><div class='flex_cell_inner'><\/div><\/div>\n<style type=\"text\/css\" data-created_by=\"avia_inline_auto\" id=\"style-css-av-2egjte-3112d268b099df5947f2a6f8cdf2dfd2\">\n.flex_cell.av-2egjte-3112d268b099df5947f2a6f8cdf2dfd2{\nvertical-align:middle;\nheight:430px;\nmin-height:430px;\nbackground-color:#f7f7f7;\n}\n.responsive #top #wrap_all .flex_cell.av-2egjte-3112d268b099df5947f2a6f8cdf2dfd2{\npadding:30px 100px 30px 100px !important;\n}\n<\/style>\n<div class='flex_cell av-2egjte-3112d268b099df5947f2a6f8cdf2dfd2 av-gridrow-cell av_four_fifth no_margin  avia-builder-el-2  el_after_av_cell_one_fifth  avia-builder-el-last ' ><div class='flex_cell_inner'>\n<style type=\"text\/css\" data-created_by=\"avia_inline_auto\" id=\"style-css-av-28ofj6-fd88e7a2777575565b6a58e7a113d7cf\">\n.flex_column.av-28ofj6-fd88e7a2777575565b6a58e7a113d7cf{\n-webkit-border-radius:0px 0px 0px 0px;\n-moz-border-radius:0px 0px 0px 0px;\nborder-radius:0px 0px 0px 0px;\npadding:0px 0px 0px 0px;\n}\n<\/style>\n<div class='flex_column av-28ofj6-fd88e7a2777575565b6a58e7a113d7cf av_one_full  avia-builder-el-3  avia-builder-el-no-sibling  first flex_column_div av-animated-generic bottom-to-top av-zero-column-padding '     ><p>\n<style type=\"text\/css\" data-created_by=\"avia_inline_auto\" id=\"style-css-av-jwfsa-8a0f5242a698319d129fccd5b328a917\">\n#top .av-special-heading.av-jwfsa-8a0f5242a698319d129fccd5b328a917{\npadding-bottom:10px;\n}\nbody .av-special-heading.av-jwfsa-8a0f5242a698319d129fccd5b328a917 .av-special-heading-tag .heading-char{\nfont-size:25px;\n}\n.av-special-heading.av-jwfsa-8a0f5242a698319d129fccd5b328a917 .av-subheading{\nfont-size:15px;\n}\n<\/style>\n<div  class='av-special-heading av-jwfsa-8a0f5242a698319d129fccd5b328a917 av-special-heading-h3 blockquote modern-quote  avia-builder-el-4  el_before_av_textblock  avia-builder-el-first '><h3 class='av-special-heading-tag'  itemprop=\"headline\"  >Franz Fellinger<\/h3><div class=\"special-heading-border\"><div class=\"special-heading-inner-border\"><\/div><\/div><\/div><br \/>\n<section  class='av_textblock_section av-1yzmfm-f4da4d320811640ca70996d9df248e6c'  itemscope=\"itemscope\" itemtype=\"https:\/\/schema.org\/CreativeWork\" ><div class='avia_textblock'  itemprop=\"text\" ><p>*1976 in Hollabrunn, N\u00d6<\/p>\n<p>1995 Matura, Bundesrealgymnasium Hollabrunn<\/p>\n<p>1999-2006 studentischer Mitarbeiter in div. Architekturb\u00fcros<\/p>\n<p>2006 Studienabschluss Architektur,Technische Universit\u00e4t Wien<\/p>\n<p>2006-2019 Projektleitung f\u00fcr div. Architekturb\u00fcros (Ganahl Ifsits Architekten, Urban Zesch Architekten\u2026) mit Schwerpunkt im gro\u00dfvolumigen Wohnbau<\/p>\n<p>2019 Befugnisverleihung und Vereidigung zum Ziviltechniker f\u00fcr Architektur<\/p>\n<p>2020 B\u00fcrogr\u00fcndung fellinger architects<\/p>\n<\/div><\/section><\/p><\/div>\n<\/div><\/div><\/div><div id='after_grid_row_1'  class='main_color av_default_container_wrap container_wrap fullsize'  ><div class='container av-section-cont-open' ><div class='template-page content  av-content-full alpha units'><div class='post-entry post-entry-type-page post-entry-896'><div class='entry-content-wrapper clearfix'>\n<style type=\"text\/css\" data-created_by=\"avia_inline_auto\" id=\"style-css-av-heb6q-5317fcad7738be07a4665be0930f0f2f\">\n.flex_column.av-heb6q-5317fcad7738be07a4665be0930f0f2f{\n-webkit-border-radius:0px 0px 0px 0px;\n-moz-border-radius:0px 0px 0px 0px;\nborder-radius:0px 0px 0px 0px;\npadding:0px 0px 0px 0px;\n}\n<\/style>\n<div class='flex_column av-heb6q-5317fcad7738be07a4665be0930f0f2f av_one_full  avia-builder-el-6  el_after_av_layout_row  el_before_av_layout_row  avia-builder-el-no-sibling  first flex_column_div av-zero-column-padding '     ><div  class='hr av-9cf8a-c918e2148f3ad262761791a3a9fa7e2e hr-default  avia-builder-el-7  avia-builder-el-no-sibling '><span class='hr-inner '><span class=\"hr-inner-style\"><\/span><\/span><\/div><\/div><\/p>\n<\/div><\/div><\/div><!-- close content main div --><\/div><\/div><div id='av-layout-grid-2'  class='av-layout-grid-container av-2sw85e-5b66907c244590b1574e4b37ba0c0578 entry-content-wrapper main_color av-flex-cells  avia-builder-el-8  el_after_av_one_full  el_before_av_section  grid-row-not-first  container_wrap fullsize'  >\n\n<style type=\"text\/css\" data-created_by=\"avia_inline_auto\" id=\"style-css-av-2mlybe-e8841c6aaa3dffabb831e1c5eff58e8d\">\n.flex_cell.av-2mlybe-e8841c6aaa3dffabb831e1c5eff58e8d{\nvertical-align:top;\nheight:430px;\nmin-height:430px;\nbackground:url(https:\/\/www.fellinger-architects.net\/wp-content\/uploads\/2021\/05\/marie_arnold_sw.jpg) 0% 50% no-repeat scroll ;\n}\n.responsive #top #wrap_all .flex_cell.av-2mlybe-e8841c6aaa3dffabb831e1c5eff58e8d{\npadding:30px 30px 30px 30px !important;\n}\n<\/style>\n<div class='flex_cell av-2mlybe-e8841c6aaa3dffabb831e1c5eff58e8d av-gridrow-cell av_one_fifth no_margin  avia-builder-el-9  el_before_av_cell_four_fifth  avia-builder-el-first  avia-full-stretch' ><div class='flex_cell_inner'><\/div><\/div>\n<style type=\"text\/css\" data-created_by=\"avia_inline_auto\" id=\"style-css-av-2egjte-3112d268b099df5947f2a6f8cdf2dfd2\">\n.flex_cell.av-2egjte-3112d268b099df5947f2a6f8cdf2dfd2{\nvertical-align:middle;\nheight:430px;\nmin-height:430px;\nbackground-color:#f7f7f7;\n}\n.responsive #top #wrap_all .flex_cell.av-2egjte-3112d268b099df5947f2a6f8cdf2dfd2{\npadding:30px 100px 30px 100px !important;\n}\n<\/style>\n<div class='flex_cell av-2egjte-3112d268b099df5947f2a6f8cdf2dfd2 av-gridrow-cell av_four_fifth no_margin  avia-builder-el-10  el_after_av_cell_one_fifth  avia-builder-el-last ' ><div class='flex_cell_inner'>\n<style type=\"text\/css\" data-created_by=\"avia_inline_auto\" id=\"style-css-av-28ofj6-fd88e7a2777575565b6a58e7a113d7cf\">\n.flex_column.av-28ofj6-fd88e7a2777575565b6a58e7a113d7cf{\n-webkit-border-radius:0px 0px 0px 0px;\n-moz-border-radius:0px 0px 0px 0px;\nborder-radius:0px 0px 0px 0px;\npadding:0px 0px 0px 0px;\n}\n<\/style>\n<div class='flex_column av-28ofj6-fd88e7a2777575565b6a58e7a113d7cf av_one_full  avia-builder-el-11  avia-builder-el-no-sibling  first flex_column_div av-animated-generic bottom-to-top av-zero-column-padding '     ><p>\n<style type=\"text\/css\" data-created_by=\"avia_inline_auto\" id=\"style-css-av-hg6be-d760ae2b5722322a4cd90af3c9b87953\">\n#top .av-special-heading.av-hg6be-d760ae2b5722322a4cd90af3c9b87953{\npadding-bottom:10px;\n}\nbody .av-special-heading.av-hg6be-d760ae2b5722322a4cd90af3c9b87953 .av-special-heading-tag .heading-char{\nfont-size:25px;\n}\n.av-special-heading.av-hg6be-d760ae2b5722322a4cd90af3c9b87953 .av-subheading{\nfont-size:15px;\n}\n<\/style>\n<div  class='av-special-heading av-hg6be-d760ae2b5722322a4cd90af3c9b87953 av-special-heading-h3 blockquote modern-quote  avia-builder-el-12  el_before_av_textblock  avia-builder-el-first '><h3 class='av-special-heading-tag'  itemprop=\"headline\"  >Marie Arnold<\/h3><div class=\"special-heading-border\"><div class=\"special-heading-inner-border\"><\/div><\/div><\/div><br \/>\n<section  class='av_textblock_section av-1yzmfm-26af18c786c4e32b6e710cf5c532b8b5'  itemscope=\"itemscope\" itemtype=\"https:\/\/schema.org\/CreativeWork\" ><div class='avia_textblock'  itemprop=\"text\" ><p>*1987 in Klagenfurt, KTN<\/p>\n<p>2005 Matura, Bundesrealgymnasium Viktring<\/p>\n<p>2008-2013 Teilzeitt\u00e4tigkeit Energieausweisberechnung<\/p>\n<p>2014 Studienabschluss Architektur, Technische Universit\u00e4t Wien<\/p>\n<p>2014-2019 besch\u00e4ftigt bei Ganahl Ifsits Architekten<\/p>\n<p>2018-2019 Projektleitung f\u00fcr Ganahl Ifsits Architekten<\/p>\n<p>2019-2020 Karenz<\/p>\n<p>seit 2021 bei fellinger architects<\/p>\n<\/div><\/section><\/p><\/div>\n<\/div><\/div>\n<\/div>\n<div id='av_section_1'  class='avia-section av-1qnq4y-97c62f08293460bdc85ec06255b6c93d main_color avia-section-large avia-no-border-styling  avia-builder-el-14  el_after_av_layout_row  el_before_av_section  avia-bg-style-scroll container_wrap fullsize'  ><div class='container av-section-cont-open' ><div class='template-page content  av-content-full alpha units'><div class='post-entry post-entry-type-page post-entry-896'><div class='entry-content-wrapper clearfix'>\n\n<style type=\"text\/css\" data-created_by=\"avia_inline_auto\" id=\"style-css-av-1jlre2-4323e59bb5dc184e7f6c4a5578db54f5\">\n.flex_column.av-1jlre2-4323e59bb5dc184e7f6c4a5578db54f5{\n-webkit-border-radius:0px 0px 0px 0px;\n-moz-border-radius:0px 0px 0px 0px;\nborder-radius:0px 0px 0px 0px;\npadding:0px 0px 0px 0px;\n}\n<\/style>\n<div class='flex_column av-1jlre2-4323e59bb5dc184e7f6c4a5578db54f5 av_one_half  avia-builder-el-15  el_before_av_one_half  avia-builder-el-first  first flex_column_div av-animated-generic bottom-to-top av-zero-column-padding '     ><p>\n<style type=\"text\/css\" data-created_by=\"avia_inline_auto\" id=\"style-css-av-bqzqq-3c788dd1ac592bdd6bc89f1dcdd00af6\">\n#top .av-special-heading.av-bqzqq-3c788dd1ac592bdd6bc89f1dcdd00af6{\npadding-bottom:10px;\n}\nbody .av-special-heading.av-bqzqq-3c788dd1ac592bdd6bc89f1dcdd00af6 .av-special-heading-tag .heading-char{\nfont-size:25px;\n}\n.av-special-heading.av-bqzqq-3c788dd1ac592bdd6bc89f1dcdd00af6 .av-subheading{\nfont-size:15px;\n}\n<\/style>\n<div  class='av-special-heading av-bqzqq-3c788dd1ac592bdd6bc89f1dcdd00af6 av-special-heading-h3 blockquote modern-quote  avia-builder-el-16  el_before_av_textblock  avia-builder-el-first '><h3 class='av-special-heading-tag'  itemprop=\"headline\"  >Planung bis ins Detail <\/h3><div class=\"special-heading-border\"><div class=\"special-heading-inner-border\"><\/div><\/div><\/div><br \/>\n<section  class='av_textblock_section av-1a1soa-7d349346b58682e98ae5e7cf639b4cde'  itemscope=\"itemscope\" itemtype=\"https:\/\/schema.org\/CreativeWork\" ><div class='avia_textblock'  itemprop=\"text\" ><p>Wenngleich unser Herz stark f\u00fcr den Wohnbau in jeder Gr\u00f6\u00dfenordnung schl\u00e4gt, greifen wir Ihnen gerne auch bei vielen anderen Bauaufgaben unter die Arme. Ihre Ressourcen sind unser Ma\u00dfstab. Wir entwickeln Architektur stets aus den funktionalen und technischen Rahmenbedingungen und entwerfen dabei ein Design, das dem Genius Loci entspricht.<\/p>\n<\/div><\/section><\/p><\/div>\n<style type=\"text\/css\" data-created_by=\"avia_inline_auto\" id=\"style-css-av-12evaq-dd196b239607621449c9afeec5cf910a\">\n.flex_column.av-12evaq-dd196b239607621449c9afeec5cf910a{\n-webkit-border-radius:0px 0px 0px 0px;\n-moz-border-radius:0px 0px 0px 0px;\nborder-radius:0px 0px 0px 0px;\npadding:0px 0px 0px 0px;\n}\n<\/style>\n<div class='flex_column av-12evaq-dd196b239607621449c9afeec5cf910a av_one_half  avia-builder-el-18  el_after_av_one_half  avia-builder-el-last  flex_column_div av-animated-generic bottom-to-top av-zero-column-padding '     ><section  class='av_textblock_section av-tleaa-feb77fe171611cf3d1ffc6c2a0d49941'  itemscope=\"itemscope\" itemtype=\"https:\/\/schema.org\/CreativeWork\" ><div class='avia_textblock'  itemprop=\"text\" ><p>Wir bieten s\u00e4mtliche Planungsleistungen an, von der Ankauf-Studie bis zum Ausf\u00fchrungsdetail \u2013 zus\u00e4tzliche Leistungen (Statik, Kulturtechnik, Leistungsverzeichnisse, Freiraumplanung, Bauphysik u.v.m.) \u00a0wickeln wir mit fachkundigen Partnern ab.<br \/>\nAls geradezu hingebungsvoll k\u00f6nnte man unseren Zugang zur Detailplanung bezeichnen: wir verkaufen Ihnen keine Luftschl\u00f6sser \u2013 es sei denn, uns gelingt es, auch hierf\u00fcr umsetzbare Baudetails zu entwickeln!<\/p>\n<\/div><\/section><\/div>\n\n<\/div><\/div><\/div><!-- close content main div --><\/div><\/div><div id='av_section_2'  class='avia-section av-1qnq4y-8c7dbae5e424580075c9a1011f60cd87 alternate_color avia-section-large avia-no-border-styling  avia-builder-el-20  el_after_av_section  avia-builder-el-last  avia-bg-style-scroll container_wrap fullsize'  ><div class='container av-section-cont-open' ><div class='template-page content  av-content-full alpha units'><div class='post-entry post-entry-type-page post-entry-896'><div class='entry-content-wrapper clearfix'>\n\n<style type=\"text\/css\" data-created_by=\"avia_inline_auto\" id=\"style-css-av-6o9t6-eb2e3542e73cc5146c55def57464f1a8\">\n.flex_column.av-6o9t6-eb2e3542e73cc5146c55def57464f1a8{\n-webkit-border-radius:0px 0px 0px 0px;\n-moz-border-radius:0px 0px 0px 0px;\nborder-radius:0px 0px 0px 0px;\npadding:0px 0px 0px 0px;\n}\n<\/style>\n<div class='flex_column av-6o9t6-eb2e3542e73cc5146c55def57464f1a8 av_one_full  avia-builder-el-21  el_before_av_one_half  avia-builder-el-first  first flex_column_div av-zero-column-padding '     ><section  class='av_textblock_section av-koct6vng-c47a22eb8428e6e27cde38333fc760f4'  itemscope=\"itemscope\" itemtype=\"https:\/\/schema.org\/CreativeWork\" ><div class='avia_textblock'  itemprop=\"text\" ><h3>Network<\/h3>\n<\/div><\/section><\/div>\n<style type=\"text\/css\" data-created_by=\"avia_inline_auto\" id=\"style-css-av-1jlre2-f37a3b24b23c2afaefb24f47ff672fe9\">\n.flex_column.av-1jlre2-f37a3b24b23c2afaefb24f47ff672fe9{\n-webkit-border-radius:0px 0px 0px 0px;\n-moz-border-radius:0px 0px 0px 0px;\nborder-radius:0px 0px 0px 0px;\npadding:0px 0px 0px 0px;\n}\n<\/style>\n<div class='flex_column av-1jlre2-f37a3b24b23c2afaefb24f47ff672fe9 av_one_half  avia-builder-el-23  el_after_av_one_full  el_before_av_one_half  first flex_column_div av-animated-generic bottom-to-top av-zero-column-padding column-top-margin'     ><section  class='av_textblock_section av-1a1soa-dc278a1b9a5b0b2f9ee7fc5de4e0286b'  itemscope=\"itemscope\" itemtype=\"https:\/\/schema.org\/CreativeWork\" ><div class='avia_textblock'  itemprop=\"text\" ><p>Senior Consultant:<br \/>\nArchitekt DI Harald Zesch, Wien<br \/>\n<a href=\"http:\/\/www.urbanzesch.at\" target=\"_blank\" rel=\"noopener\">www.urbanzesch.at<\/a><\/p>\n<p>Visualisierung:<br \/>\nSchreiner Kastler &#8211; B\u00fcro f. Kommunikation GmbH, Wien<br \/>\n<a href=\"http:\/\/www.schreinerkastler.at\" target=\"_blank\" rel=\"noopener\">www.schreinerkastler.at<\/a><\/p>\n<\/div><\/section><\/div>\n<style type=\"text\/css\" data-created_by=\"avia_inline_auto\" id=\"style-css-av-12evaq-dd196b239607621449c9afeec5cf910a\">\n.flex_column.av-12evaq-dd196b239607621449c9afeec5cf910a{\n-webkit-border-radius:0px 0px 0px 0px;\n-moz-border-radius:0px 0px 0px 0px;\nborder-radius:0px 0px 0px 0px;\npadding:0px 0px 0px 0px;\n}\n<\/style>\n<div class='flex_column av-12evaq-dd196b239607621449c9afeec5cf910a av_one_half  avia-builder-el-25  el_after_av_one_half  avia-builder-el-last  flex_column_div av-animated-generic bottom-to-top av-zero-column-padding column-top-margin'     ><section  class='av_textblock_section av-tleaa-feb77fe171611cf3d1ffc6c2a0d49941'  itemscope=\"itemscope\" itemtype=\"https:\/\/schema.org\/CreativeWork\" ><div class='avia_textblock'  itemprop=\"text\" ><p>Fotografie:<br \/>\nWerner Huthmacher, Berlin<br \/>\n<a href=\"http:\/\/www.werner-huthmacher.de\" target=\"_blank\" rel=\"noopener\">www.werner-huthmacher.de<\/a><\/p>\n<p>Webdesign:<br \/>\nMartina Bauer &#8211; Grafik und Webdesign, Wien<br \/>\n<a href=\"http:\/\/www.vier25.at\" target=\"_blank\" rel=\"noopener\">www.vier25.at<\/a><\/p>\n<\/div><\/section><\/div>\n\n","protected":false},"excerpt":{"rendered":"","protected":false},"author":1,"featured_media":0,"parent":0,"menu_order":0,"comment_status":"open","ping_status":"closed","template":"","meta":{"footnotes":""},"class_list":["post-896","page","type-page","status-publish","hentry"],"_links":{"self":[{"href":"https:\/\/www.fellinger-architects.net\/index.php?rest_route=\/wp\/v2\/pages\/896","targetHints":{"allow":["GET"]}}],"collection":[{"href":"https:\/\/www.fellinger-architects.net\/index.php?rest_route=\/wp\/v2\/pages"}],"about":[{"href":"https:\/\/www.fellinger-architects.net\/index.php?rest_route=\/wp\/v2\/types\/page"}],"author":[{"embeddable":true,"href":"https:\/\/www.fellinger-architects.net\/index.php?rest_route=\/wp\/v2\/users\/1"}],"replies":[{"embeddable":true,"href":"https:\/\/www.fellinger-architects.net\/index.php?rest_route=%2Fwp%2Fv2%2Fcomments&post=896"}],"version-history":[{"count":4,"href":"https:\/\/www.fellinger-architects.net\/index.php?rest_route=\/wp\/v2\/pages\/896\/revisions"}],"predecessor-version":[{"id":1337,"href":"https:\/\/www.fellinger-architects.net\/index.php?rest_route=\/wp\/v2\/pages\/896\/revisions\/1337"}],"wp:attachment":[{"href":"https:\/\/www.fellinger-architects.net\/index.php?rest_route=%2Fwp%2Fv2%2Fmedia&parent=896"}],"curies":[{"name":"wp","href":"https:\/\/api.w.org\/{rel}","templated":true}]}}